{"id":2071,"date":"2026-04-13T22:42:49","date_gmt":"2026-04-13T20:42:49","guid":{"rendered":"https:\/\/fiscaliaguerrero.gob.mx\/?page_id=2071"},"modified":"2026-04-13T22:43:20","modified_gmt":"2026-04-13T20:43:20","slug":"aviso-de-privacidad-simplificado","status":"publish","type":"page","link":"https:\/\/fiscaliaguerrero.gob.mx\/index.php\/aviso-de-privacidad-simplificado\/","title":{"rendered":"AVISO DE PRIVACIDAD SIMPLIFICADO"},"content":{"rendered":"\n<div class=\"wp-block-cover alignwide is-light\" style=\"min-height:413px;aspect-ratio:unset;\"><span aria-hidden=\"true\" class=\"wp-block-cover__background has-base-2-background-color has-background-dim-100 has-background-dim\"><\/span><div class=\"wp-block-cover__inner-container is-layout-flow wp-block-cover-is-layout-flow\">\n<p class=\"has-text-align-left\" style=\"font-size:0.8rem\">Inicio &gt;&nbsp;Avisos de Privacidad: UNIDAD DE TRANSPARENCIA Y ACCESO A LA INFORMACI\u00d3N P\u00daBLICA &gt; Aviso de Privacidad Integral<\/p>\n\n\n\n<p><strong>AVISO DE PRIVACIDAD<\/strong><\/p>\n\n\n\n<p><strong>UNIDAD DE TRANSPARENCIA Y<\/strong> <strong>ACCESO A LA INFORMACI\u00d3N P\u00daBLICA.<\/strong><\/p>\n\n\n\n<p><strong>I.- <\/strong><strong>La denominaci\u00f3n del responsable. <\/strong><strong><\/strong><\/p>\n\n\n\n<p>Unidad de Transparencia y Acceso a la Informaci\u00f3n P\u00fablica adscrita a la Fiscal\u00eda General del Estado de Guerrero, con domicilio en Boulevard Rene Ju\u00e1rez Cisneros, colonia el Potrerito, Chilpancingo de los Bravo, C.P. 39090.<\/p>\n\n\n\n<p><strong>II.- Datos personales se recaban.<\/strong><strong><\/strong><\/p>\n\n\n\n<p>Se recabar\u00e1n los datos que el solicitante proporcione de manera voluntaria (si as\u00ed lo decide) a la Unidad de Transparencia y Acceso a la Informaci\u00f3n P\u00fablica, o&nbsp; le sean requeridos para la adecuada atenci\u00f3n a su solicitud en ejercicio de los derechos Arco entre los cuales como m\u00ednimo se tratar\u00e1n:<\/p>\n\n\n\n<ul class=\"wp-block-list\">\n<li>Nombre completo<\/li>\n\n\n\n<li>Identificaci\u00f3n Oficial &nbsp;<\/li>\n\n\n\n<li>Domicilio<\/li>\n\n\n\n<li>Correo electr\u00f3nico<\/li>\n\n\n\n<li>Tel\u00e9fono<\/li>\n\n\n\n<li>Ocupaci\u00f3n<\/li>\n\n\n\n<li>Escolaridad<\/li>\n\n\n\n<li>Edad<\/li>\n\n\n\n<li>Sexo<\/li>\n<\/ul>\n\n\n\n<p><strong>III.- Las finalidades del tratamiento para las cuales se obtienen los datos personales, distinguiendo aquellas que requieren el consentimiento del titular. Los datos personales podr\u00e1n ser tratados para los siguientes fines: <\/strong><strong><\/strong><\/p>\n\n\n\n<p><strong>a)<\/strong> Identificaci\u00f3n<\/p>\n\n\n\n<p><strong>b)<\/strong> Localizaci\u00f3n<\/p>\n\n\n\n<p><strong>c)<\/strong> La b\u00fasqueda de la informaci\u00f3n solicitada sea \u00f3ptima.<\/p>\n\n\n\n<p><strong>d)<\/strong> Se acredite la entrega de la informaci\u00f3n al Titular o a su representante, en caso del c) ejercicio de los derechos ARCO.<\/p>\n\n\n\n<p><strong>f)<\/strong> La informaci\u00f3n entregada sea la correspondiente a su Titular<\/p>\n\n\n\n<p><strong>g)<\/strong> Declarar la procedencia o improcedencia de las solicitudes de informaci\u00f3n que realice el Titular<\/p>\n\n\n\n<p><strong>h)<\/strong> Acreditar fehacientemente las incompetencias, inexistencias que pronuncie el Comit\u00e9 de Transparencia de PRS, respecto de la solicitud planteada.<\/p>\n\n\n\n<p>Los datos personales recabados en los sistemas de la Fiscal\u00eda General del Estado de Guerrero, espec\u00edficamente en la Unidad de Transparencia y Acceso a la Informaci\u00f3n P\u00fablica, podr\u00e1n ser tratados sin consentimiento del titular, siempre en respeto a sus derechos; teniendo como supuestos de excepci\u00f3n a los principios que rigen el tratamiento de datos, la seguridad p\u00fablica, prevenci\u00f3n o persecuci\u00f3n de delitos en esta entidad federativa y disposiciones de orden p\u00fablico, o en su caso para proteger los derechos de terceros, seg\u00fan lo establece el segundo p\u00e1rrafo del art\u00edculo 16 de la Constituci\u00f3n Pol\u00edtica de los Estados Unidos Mexicanos, concatenado con lo que para tal efecto se\u00f1alan los art\u00edculos 43, 56 Y 85 de la Ley General Protecci\u00f3n de Datos Personales en Posesi\u00f3n de Sujetos Obligados as\u00ed como 1, 2, 4, 10 as\u00ed como lo se\u00f1alado en el T\u00edtulo Sexto de la Ley Numero 466 de Protecci\u00f3n de Datos Personales en Posesi\u00f3n de Sujetos Obligados del Estado de Guerrero.<\/p>\n\n\n\n<p><strong>IV.- Cuando se realicen transferencias de datos personales que requieran consentimiento se deber\u00e1 informar:<\/strong><\/p>\n\n\n\n<p>a) Las autoridades, poderes, entidades, \u00f3rganos y organismos gubernamentales de los tres \u00f3rdenes de gobierno y las personas f\u00edsicas o morales a las que se transfieren los datos personales; y<\/p>\n\n\n\n<p>b) Las finalidades de estas transferencias.<\/p>\n\n\n\n<p>Al respecto se informa al titular de los datos personales que no se realizar\u00e1n transferencias de datos personales que requieran de su consentimiento; pues es de enfatizarse que ser\u00e1n \u00fanica y exclusivamente utilizados para los fines que fueron proporcionados, de acuerdo a las finalidades y atribuciones establecidas en los numerales 21 y 102 de la Constituci\u00f3n Pol\u00edtica de los Estados Unidos Mexicanos, y 139 Y 140 de su an\u00e1loga estatal, as\u00ed como el 1, 5 y 11 de la Ley Org\u00e1nica de la Fiscal\u00eda General del Estado; as\u00ed como lo dispuesto en el Cap\u00edtulo \u00danico del T\u00edtulo Sexto de la Ley Numero 466 de Protecci\u00f3n de Datos Personales en Posesi\u00f3n de Sujetos Obligados del Estado de Guerrero.<\/p>\n\n\n\n<p><strong>IV.- Los mecanismos y medios disponibles para que el titular, en su caso, pueda manifestar su negativa para el tratamiento de sus datos personales para finalidades y transferencias que requieren el consentimiento del titular.<\/strong><strong><\/strong><\/p>\n\n\n\n<p>El titular de los datos personales puede ejercer sus derechos de acceso, rectificaci\u00f3n, cancelaci\u00f3n, oposici\u00f3n y portabilidad, de datos personales (Derechos ARCOP) de conformidad con el art\u00edculo 16 p\u00e1rrafo segundo de la Constituci\u00f3n Pol\u00edtica de los Estados Unidos Mexicanos, as\u00ed como acorde a lo que se\u00f1ala T\u00edtulo Cuarto de la Ley de Protecci\u00f3n de Datos Personales del Estado de Guerrero.<\/p>\n\n\n\n<p>En este sentido, el titular o representante pueden presentar, en t\u00e9rminos del Art\u00edculo 73 de dicha Ley, una solicitud de derechos ARCO ante la Unidad de Transparencia de esta Fiscal\u00eda por escrito, medio electr\u00f3nico o en la Plataforma Nacional de Transparencia en el sitio web: <a href=\"https:\/\/www.plataformadetransparencia.org.mx\">https:\/\/www.plataformadetransparencia.org.mx<\/a> &nbsp;<\/p>\n\n\n\n<p><strong>V.- Cambios y actualizaciones al aviso de privacidad<\/strong>.<\/p>\n\n\n\n<p>En caso de que exista un cambio o actualizaci\u00f3n en el aviso de privacidad, se pondr\u00e1 a su disposici\u00f3n en esta misma direcci\u00f3n electr\u00f3nica: <a href=\"https:\/\/fiscaliaguerrero.gob.mx\/index.php\/aviso-de-privacidad\/\" data-type=\"page\" data-id=\"2033\">Transparencia \u2013 Fiscal\u00eda General del Estado de Guerrero<\/a> (https:\/\/fiscaliaguerrero.gob.mx\/)<\/p>\n<\/div><\/div>\n","protected":false},"excerpt":{"rendered":"","protected":false},"author":3,"featured_media":0,"parent":0,"menu_order":0,"comment_status":"closed","ping_status":"closed","template":"","meta":{"footnotes":""},"class_list":["post-2071","page","type-page","status-publish","hentry"],"_links":{"self":[{"href":"https:\/\/fiscaliaguerrero.gob.mx\/index.php\/wp-json\/wp\/v2\/pages\/2071","targetHints":{"allow":["GET"]}}],"collection":[{"href":"https:\/\/fiscaliaguerrero.gob.mx\/index.php\/wp-json\/wp\/v2\/pages"}],"about":[{"href":"https:\/\/fiscaliaguerrero.gob.mx\/index.php\/wp-json\/wp\/v2\/types\/page"}],"author":[{"embeddable":true,"href":"https:\/\/fiscaliaguerrero.gob.mx\/index.php\/wp-json\/wp\/v2\/users\/3"}],"replies":[{"embeddable":true,"href":"https:\/\/fiscaliaguerrero.gob.mx\/index.php\/wp-json\/wp\/v2\/comments?post=2071"}],"version-history":[{"count":3,"href":"https:\/\/fiscaliaguerrero.gob.mx\/index.php\/wp-json\/wp\/v2\/pages\/2071\/revisions"}],"predecessor-version":[{"id":2074,"href":"https:\/\/fiscaliaguerrero.gob.mx\/index.php\/wp-json\/wp\/v2\/pages\/2071\/revisions\/2074"}],"wp:attachment":[{"href":"https:\/\/fiscaliaguerrero.gob.mx\/index.php\/wp-json\/wp\/v2\/media?parent=2071"}],"curies":[{"name":"wp","href":"https:\/\/api.w.org\/{rel}","templated":true}]}}