{"id":2207,"date":"2026-04-16T21:15:36","date_gmt":"2026-04-16T19:15:36","guid":{"rendered":"https:\/\/fiscaliaguerrero.gob.mx\/?page_id=2207"},"modified":"2026-04-16T21:15:36","modified_gmt":"2026-04-16T19:15:36","slug":"primer-informe-anual-de-la-fiscalia-especializada-en-combate-a-la-corrupcion","status":"publish","type":"page","link":"https:\/\/fiscaliaguerrero.gob.mx\/index.php\/primer-informe-anual-de-la-fiscalia-especializada-en-combate-a-la-corrupcion\/","title":{"rendered":"Primer Informe Anual de la Fiscalia Especializada en Combate a la Corrupci\u00f3n"},"content":{"rendered":"\n<p class=\"has-contrast-2-color has-text-color has-link-color wp-elements-e236db09bf06584b0a1fe73bcde3decf\">Primer informe anual de la Fiscal\u00eda Especializada en Combate a la Corrupci\u00f3n<\/p>\n\n\n\n<p><a href=\"https:\/\/servicios.fiscaliaguerrero.gob.mx\/armoncontable\/INFORME%20COMBATE%20A%20LA%20CORRUPCION\/INFORME%20ANUAL%20DE%20ACTIVIDADES%20SUSTANTIVAS%20FECC.pdf\" target=\"_blank\" rel=\"noreferrer noopener\" class=\"color-blue\">Primer informe anual de la Fiscal\u00eda Especializada en Combate a la Corrupci\u00f3n<\/a><\/p>\n\n\n\n<p><\/p>\n","protected":false},"excerpt":{"rendered":"<p>Primer informe anual de la Fiscal\u00eda Especializada en Combate a la Corrupci\u00f3n Primer informe anual de la Fiscal\u00eda Especializada en Combate a la Corrupci\u00f3n<\/p>\n","protected":false},"author":2,"featured_media":0,"parent":0,"menu_order":0,"comment_status":"closed","ping_status":"closed","template":"","meta":{"footnotes":""},"class_list":["post-2207","page","type-page","status-publish","hentry"],"_links":{"self":[{"href":"https:\/\/fiscaliaguerrero.gob.mx\/index.php\/wp-json\/wp\/v2\/pages\/2207","targetHints":{"allow":["GET"]}}],"collection":[{"href":"https:\/\/fiscaliaguerrero.gob.mx\/index.php\/wp-json\/wp\/v2\/pages"}],"about":[{"href":"https:\/\/fiscaliaguerrero.gob.mx\/index.php\/wp-json\/wp\/v2\/types\/page"}],"author":[{"embeddable":true,"href":"https:\/\/fiscaliaguerrero.gob.mx\/index.php\/wp-json\/wp\/v2\/users\/2"}],"replies":[{"embeddable":true,"href":"https:\/\/fiscaliaguerrero.gob.mx\/index.php\/wp-json\/wp\/v2\/comments?post=2207"}],"version-history":[{"count":1,"href":"https:\/\/fiscaliaguerrero.gob.mx\/index.php\/wp-json\/wp\/v2\/pages\/2207\/revisions"}],"predecessor-version":[{"id":2208,"href":"https:\/\/fiscaliaguerrero.gob.mx\/index.php\/wp-json\/wp\/v2\/pages\/2207\/revisions\/2208"}],"wp:attachment":[{"href":"https:\/\/fiscaliaguerrero.gob.mx\/index.php\/wp-json\/wp\/v2\/media?parent=2207"}],"curies":[{"name":"wp","href":"https:\/\/api.w.org\/{rel}","templated":true}]}}