{"id":665,"date":"2026-02-24T17:44:39","date_gmt":"2026-02-24T16:44:39","guid":{"rendered":"https:\/\/fiscaliaguerrero.gob.mx\/?page_id=665"},"modified":"2026-02-24T17:46:26","modified_gmt":"2026-02-24T16:46:26","slug":"quienes-somos","status":"publish","type":"page","link":"https:\/\/fiscaliaguerrero.gob.mx\/index.php\/quienes-somos\/","title":{"rendered":"quienes somos"},"content":{"rendered":"\n<div class=\"wp-block-cover alignwide is-light\"><span aria-hidden=\"true\" class=\"wp-block-cover__background has-base-background-color has-background-dim-100 has-background-dim\"><\/span><div class=\"wp-block-cover__inner-container has-global-padding is-layout-constrained wp-block-cover-is-layout-constrained\">\n<div class=\"wp-block-columns alignwide is-layout-flex wp-container-core-columns-is-layout-28f84493 wp-block-columns-is-layout-flex\">\n<div class=\"wp-block-column is-layout-flow wp-block-column-is-layout-flow\" style=\"flex-basis:66.66%\">\n<p class=\"has-large-font-size\"><strong>\u00bfQUIENES SOMOS?<\/strong><\/p>\n\n\n\n<hr class=\"wp-block-separator has-alpha-channel-opacity\"\/>\n\n\n\n<p>\u00ab<strong>La Fiscal\u00eda General del Estado de Guerrero<\/strong>&nbsp;es un organismo p\u00fablico aut\u00f3nomo, dotado de personalidad jur\u00eddica y patrimonio propios. Es una instituci\u00f3n de seguridad p\u00fablica en t\u00e9rminos de lo comprendido por el art\u00edculo 21 de la Constituci\u00f3n Pol\u00edtica de los Estados Unidos Mexicanos. Como tal, participa en el Sistema Nacional de Seguridad P\u00fablica y puede ejercer todas las funciones a que se refiere la ley general de la materia.\u00bb<\/p>\n\n\n\n<figure class=\"wp-block-image aligncenter size-full\"><img decoding=\"async\" src=\"https:\/\/fiscaliaguerrero.gob.mx\/wp-content\/uploads\/2026\/02\/FISCALIA.jpg\" alt=\"\" class=\"wp-image-667\" style=\"object-fit:cover\"\/><\/figure>\n\n\n\n<p>\u00abPor su autonom\u00eda de gesti\u00f3n, goza de la administraci\u00f3n, direcci\u00f3n, organizaci\u00f3n, disposici\u00f3n, distribuci\u00f3n y suministro de recursos humanos, materiales y financieros; as\u00ed como de la capacidad de decidir responsablemente sobre la adquisici\u00f3n de productos y servicios, en los t\u00e9rminos previstos por las disposiciones jur\u00eddicas aplicables, el ejercicio de sus recursos propios, su estructura administrativa, as\u00ed como proponer los niveles remunerativos para el personal que la integra, de conformidad con el presupuesto autorizado para ello y en t\u00e9rminos de lo dispuesto por la legislaci\u00f3n Federal y Estatal que resulte aplicable.\u00bb<\/p>\n<\/div>\n\n\n\n<div class=\"wp-block-column is-layout-flow wp-block-column-is-layout-flow\" style=\"flex-basis:33.33%\">\n<h4 class=\"wp-block-heading\">Nuestra Misi\u00f3n<\/h4>\n\n\n\n<p>Brindar a los ciudadanos una atenci\u00f3n privilegiada en la investigaci\u00f3n de los delitos, con servicios integrales, propicien su bienestar y desarrollo dentro de su n\u00facleo familiar y social, a trav\u00e9s de pol\u00edticas p\u00fablicas transversales que involucran la coordinaci\u00f3n interinstitucional estatal, nacional e internacional con apego a los derechos humanos.<br><br>Contribuir a garantizar el Estado democr\u00e1tico de Derecho y preservar el cumplimiento irrestricto de la Constituci\u00f3n Pol\u00edtica de los Estados Unidos Mexicanos, mediante una procuraci\u00f3n de justicia, eficaz y eficiente, apegada a los principios de legalidad, certeza jur\u00eddica y respeto a los derechos humanos, en colaboraci\u00f3n con instituciones de los tres \u00f3rdenes de gobierno y al servicio de la sociedad.<\/p>\n\n\n\n<h4 class=\"wp-block-heading\">Nuestra Visi\u00f3n<\/h4>\n\n\n\n<p>Instituci\u00f3n de Procuraci\u00f3n de Justicia eficiente, eficaz y confiable, integrado por servidores p\u00fablicos \u00e9ticos, profesionales y comprometidos; s\u00f3lidamente organizada bajo un enfoque integral; operativamente \u00e1gil; con contundencia legal y cercana a la sociedad que coadyuve al desarrollo del pa\u00eds y al disfrute de las libertades y derechos en la Naci\u00f3n.<\/p>\n\n\n\n<h4 class=\"wp-block-heading\">Nuestro Objetivo<\/h4>\n\n\n\n<p>Preservar el orden, la disciplina y el respeto a los ordenamientos jur\u00eddico-administrativos que sustentan a la Fiscal\u00eda General del Estado, Aplicar las sanciones a los servidores p\u00fablicos que transgredan dichos ordenamientos; realizar estudios, proyecciones y evaluaciones para una mejor funcionalidad estructural y operativa de la instituci\u00f3n, emitiendo recomendaciones administrativas y disciplinarias al respecto y vigilando su cumplimiento yobservancia.<\/p>\n<\/div>\n<\/div>\n<\/div><\/div>\n\n\n\n<div class=\"wp-block-cover alignfull is-light\"><span aria-hidden=\"true\" class=\"wp-block-cover__background has-base-2-background-color has-background-dim-100 has-background-dim\"><\/span><div class=\"wp-block-cover__inner-container has-global-padding is-layout-constrained wp-block-cover-is-layout-constrained\">\n<div class=\"wp-block-columns alignwide is-layout-flex wp-container-core-columns-is-layout-4e25967d wp-block-columns-is-layout-flex\" style=\"padding-right:var(--wp--preset--spacing--10);padding-left:var(--wp--preset--spacing--10)\">\n<div class=\"wp-block-column is-layout-flow wp-block-column-is-layout-flow\">\n<div class=\"wp-block-columns is-layout-flex wp-container-core-columns-is-layout-28f84493 wp-block-columns-is-layout-flex\">\n<div class=\"wp-block-column is-layout-flow wp-block-column-is-layout-flow\" style=\"flex-basis:33.33%\">\n<figure class=\"wp-block-image aligncenter size-full\"><img loading=\"lazy\" decoding=\"async\" width=\"50\" height=\"50\" src=\"https:\/\/fiscaliaguerrero.gob.mx\/wp-content\/uploads\/2026\/02\/location_9408543-e1771879861904.png\" alt=\"\" class=\"wp-image-676\"\/><\/figure>\n<\/div>\n\n\n\n<div class=\"wp-block-column is-layout-flow wp-block-column-is-layout-flow\" style=\"flex-basis:66.66%\">\n<p><strong>Direcci\u00f3n<\/strong><\/p>\n\n\n\n<p>Ren\u00e9 Ju\u00e1rez Cisneros S\/N, El Potrerito, 39098, Chilpancingo de los Bravo, Gro.<\/p>\n<\/div>\n<\/div>\n<\/div>\n\n\n\n<div class=\"wp-block-column is-layout-flow wp-block-column-is-layout-flow\">\n<div class=\"wp-block-columns is-layout-flex wp-container-core-columns-is-layout-28f84493 wp-block-columns-is-layout-flex\">\n<div class=\"wp-block-column is-layout-flow wp-block-column-is-layout-flow\" style=\"flex-basis:33.33%\">\n<figure class=\"wp-block-image aligncenter size-full\"><img loading=\"lazy\" decoding=\"async\" width=\"80\" height=\"80\" src=\"https:\/\/fiscaliaguerrero.gob.mx\/wp-content\/uploads\/2026\/02\/envelope_4386725-1-e1771879804528.png\" alt=\"\" class=\"wp-image-684\"\/><\/figure>\n<\/div>\n\n\n\n<div class=\"wp-block-column is-layout-flow wp-block-column-is-layout-flow\" style=\"flex-basis:66.66%\">\n<p><strong>Correo<\/strong><\/p>\n\n\n\n<p>buzon@fiscaliaguerrero.gob.mx<\/p>\n<\/div>\n<\/div>\n<\/div>\n\n\n\n<div class=\"wp-block-column is-layout-flow wp-block-column-is-layout-flow\">\n<div class=\"wp-block-columns is-layout-flex wp-container-core-columns-is-layout-28f84493 wp-block-columns-is-layout-flex\">\n<div class=\"wp-block-column is-layout-flow wp-block-column-is-layout-flow\" style=\"flex-basis:33.33%\">\n<figure class=\"wp-block-image aligncenter size-full\"><img loading=\"lazy\" decoding=\"async\" width=\"80\" height=\"80\" src=\"https:\/\/fiscaliaguerrero.gob.mx\/wp-content\/uploads\/2026\/02\/phone_17911217-1-e1771879831623.png\" alt=\"\" class=\"wp-image-687\"\/><\/figure>\n<\/div>\n\n\n\n<div class=\"wp-block-column is-layout-flow wp-block-column-is-layout-flow\" style=\"flex-basis:66.66%\">\n<p><strong>Conmutador<\/strong><\/p>\n\n\n\n<p> 01 (747) 494 2999<\/p>\n<\/div>\n<\/div>\n<\/div>\n<\/div>\n<\/div><\/div>\n","protected":false},"excerpt":{"rendered":"","protected":false},"author":3,"featured_media":0,"parent":0,"menu_order":0,"comment_status":"closed","ping_status":"closed","template":"","meta":{"footnotes":""},"class_list":["post-665","page","type-page","status-publish","hentry"],"_links":{"self":[{"href":"https:\/\/fiscaliaguerrero.gob.mx\/index.php\/wp-json\/wp\/v2\/pages\/665","targetHints":{"allow":["GET"]}}],"collection":[{"href":"https:\/\/fiscaliaguerrero.gob.mx\/index.php\/wp-json\/wp\/v2\/pages"}],"about":[{"href":"https:\/\/fiscaliaguerrero.gob.mx\/index.php\/wp-json\/wp\/v2\/types\/page"}],"author":[{"embeddable":true,"href":"https:\/\/fiscaliaguerrero.gob.mx\/index.php\/wp-json\/wp\/v2\/users\/3"}],"replies":[{"embeddable":true,"href":"https:\/\/fiscaliaguerrero.gob.mx\/index.php\/wp-json\/wp\/v2\/comments?post=665"}],"version-history":[{"count":14,"href":"https:\/\/fiscaliaguerrero.gob.mx\/index.php\/wp-json\/wp\/v2\/pages\/665\/revisions"}],"predecessor-version":[{"id":725,"href":"https:\/\/fiscaliaguerrero.gob.mx\/index.php\/wp-json\/wp\/v2\/pages\/665\/revisions\/725"}],"wp:attachment":[{"href":"https:\/\/fiscaliaguerrero.gob.mx\/index.php\/wp-json\/wp\/v2\/media?parent=665"}],"curies":[{"name":"wp","href":"https:\/\/api.w.org\/{rel}","templated":true}]}}